ose 3*s - p - 589 = 0. Calculate the highest common divisor of s and 30.
30
Let s be ((-15)/25)/((-2)/10). Suppose 0 = -s*b - 175 + 703. What is the highest common divisor of 22 and b?
22
Let j = 2 - -23. Suppose -5*y - n + j = 0, 5*y + 5 = 2*n + 3*n. What is the greatest common divisor of 32 and y?
4
Suppose 0 = 3*z - 4*t - 2474, -1028 = 3*z - 2*t - 3510. What is the greatest common factor of 10 and z?
10
Let f(r) = -r + 1. Let l be f(-41). Let i = -155 + 323. What is the highest common divisor of i and l?
42
Suppose -4*a = u - 23, -2*a - u = -5*u - 16. Suppose -k = a*k - 98. What is the greatest common factor of k and 7?
7
Let j(a) = 4*a - 15. Let u be j(5). Suppose 0 = u*o + 4 - 59. Calculate the greatest common factor of 44 and o.
11
Suppose 17 = x + 273. Let q be x/(-10) - 21/35. Calculate the highest common divisor of q and 50.
25
Suppose v + 0*v - 15 = 0. Let i be (0 - (-4 + 4))*-1. Let s be 2/((-6)/9) + 78 + i. What is the highest common divisor of s and v?
15
Suppose -251 - 1385 = -4*z. Suppose -4*h + 7*r = 2*r - z, h = 3*r + 111. Suppose -26*w = -5*w - 504. Calculate the highest common divisor of h and w.
24
Let o(j) = j**3 - 29*j**2 + 56*j - 34. Let b be o(27). Suppose -3*f - 2*f - 2*l + 16 = 0, -9 = 3*f - 5*l. What is the greatest common divisor of b and f?
2
Suppose -6*t + 5*t = 9. Let j(h) = 2*h + 22. Let b be j(t). Let u(q) = -q**3 + q**2 - q - 3. Let p be u(-3). Calculate the highest common divisor of p and b.
4
Let a be ((-1)/(-4) + -15 + 5)/(9/(-24)). Suppose 0 = -k - 4*m + 38, 5*k + m = -3*m + 142. What is the greatest common divisor of k and a?
26
Let s be 22/99 - (-76)/(-18). Let j be (-18 - s)*(-2)/(-2). Let u = j + 34. What is the greatest common divisor of 50 and u?
10
Suppose 5*x + 2*w + 99 - 470 = 0, -295 = -4*x - w. Let z = x - 59. Calculate the greatest common divisor of 70 and z.
14
Suppose 6*u - 66 = u - 4*v, -2*v - 12 = -2*u. What is the highest common factor of u and 68?
2
Let v(s) = -5*s. Let f be v(-3). Suppose -11*x + 9*x = 224. Let d = x + 157. What is the highest common divisor of d and f?
15
Let q be (-2)/(-10) - (-190)/50. Let v be 346/q + (-2)/(-4) - -4. What is the highest common factor of 7 and v?
7
Suppose -10*c = 7*c - 1156. What is the greatest common factor of c and 748?
68
Suppose 266 = 4*d - 266. Let p be d/5 - (-14)/35. Let r be 3/(-12)*36/(-3). Calculate the highest common divisor of p and r.
3
Suppose f - 66 - 46 = 0. Let z(o) = -6*o - 88. Suppose -g = -5*r - 83, -g = -4*r - 10 - 56. Let t be z(r). Calculate the greatest common divisor of t and f.
14
Suppose 4*a = -n, -4*n + 20 = 4. Let p be (a*(-75)/(-10))/((-3)/8). What is the highest common divisor of 30 and p?
10
Let f = 38 - 26. Suppose -2*w + 16 = 2*w. Suppose -2*a = -w*s - 84, -4*a - s + 141 = -0*s. What is the greatest common divisor of f and a?
12
Suppose -19*h + 3*t + 42 = -16*h, h = -t + 6. Calculate the highest common factor of 110 and h.
10
Let x(c) = -c - 10. Let r be (18/(-12))/((-6)/(-32)). Let v be x(r). Let m be 70/v*2/(-5). Calculate the highest common divisor of 28 and m.
14
Suppose 0 = -5*n + 4*n + 30. What is the highest common divisor of n and 50?
10
Let z be 3 - 0/(-4 - 1). Suppose 0*f - 165 = -3*f - 3*v, 0 = -f - z*v + 53. Calculate the highest common factor of 14 and f.
14
Let o = 15 + -13. Suppose -o*s - s = -m + 9, s = -m - 7. Let g be 90/s*4/(-6). What is the greatest common factor of g and 135?
15
Let k be (((-30)/20)/(-3))/((-5)/(-660)). Suppose -5*d + 2*y + 161 = 0, 2*d + 2*y - y - 68 = 0. What is the highest common divisor of d and k?
33
Let r = -15 - -10. Let d(l) = l**3 + 5*l**2 - l - 3. Let i be d(r). Suppose 17 = i*m - m. What is the highest common factor of 51 and m?
17
Let v be (-116)/(-7) - (-27)/63. Let s = -7 + v. What is the greatest common factor of s and 4?
2
Let s be (1 - (-34)/(-4))*(-8)/12. Let f be ((-2)/s)/((-2)/150). Let z be (-32)/(-6)*18/8. What is the highest common factor of z and f?
6
Let u(d) = d**3 - 12*d**2 + 10*d + 11. Let y be u(11). Suppose 3*o = -y*o - 9. Let b be 0/o + -1 + 9. Calculate the greatest common divisor of 2 and b.
2
Let h = 2 - -76. Let w = h - 76. What is the greatest common factor of w and 2?
2
Let v = 27 + -42. Suppose -5*g - 15 = l, l - 4*g + 22 = -2*g. Let k = v - l. Calculate the highest common factor of k and 15.
5
Let d be (11/(297/(-1260)))/((-4)/6). Calculate the greatest common factor of 30 and d.
10
Let d be -1*5/(25/65)*-1. Calculate the highest common factor of d and 1.
1
Let l(v) = 1494*v**2 + 17*v - 16. Let o be l(1). Calculate the greatest common factor of 230 and o.
115
Let c be 44 + 5/10*-14. Calculate the highest common factor of 2 and c.
1
Suppose 6*q - 3*q = 21. Let n(z) = -q + 5*z**2 + 2*z**2 - 3*z**2 - 5*z**2 + 10*z. Let v be n(7). What is the highest common divisor of 98 and v?
14
Let n(l) = 8*l - 6. Let p = -1 + 10. Let r be n(p). Let q(g) = -23*g**3 + 4*g**2 + 3*g - 2. Let v be q(-1). What is the highest common factor of r and v?
22
Let c be 11/5 + (-10)/50. Let x be (c - 4)*(-3)/(-2) + 60. What is the highest common divisor of 38 and x?
19
Suppose 0 = -2*k - 0*k + 490. Let x be 4/(-22) + k/77. Suppose -7 = -j - x. What is the greatest common factor of 6 and j?
2
Suppose -2*y = -34 - 74. What is the highest common divisor of y and 243?
27
Let w be ((-10)/15)/(2/(-6)). Let d = -122 - -148. Calculate the greatest common divisor of w and d.
2
Let i be 3/12 + 3627/52. What is the greatest common factor of i and 15?
5
Suppose -3*f = -8*f + 105. Let a(p) = p**3 + 28*p**2 - 29*p + 3. Let v be a(-29). Calculate the highest common factor of f and v.
3
Let u(l) = -3*l**3 + 96*l**2 + 7*l - 41. Let v be u(32). What is the highest common factor of v and 305?
61
Suppose 4*q + 4 = 0, 2*b + 0*q = q + 17. Suppose 0 = -b*c + 11*c - 45. Suppose -o = -c + 6. Calculate the greatest common divisor of 1 and o.
1
Let b(p) = -p**2 + 4 - 289*p + 1 + 283*p. Let y be b(-6). What is the greatest common factor of y and 45?
5
Let s = -31 + 54. Suppose -u - 4*f - 10 = -1, 4*f + 44 = 4*u. Suppose u*c = 3*c + 368. Calculate the greatest common factor of s and c.
23
Let j be 5 + (2 - 35) + -2. Let z be (-1)/((-15)/2) - 326/j. Calculate the greatest common divisor of 55 and z.
11
Let v(s) = -7*s + 37. Let l be v(5). Suppose -2 - 4 = -3*c. Calculate the greatest common factor of c and l.
2
Let w be (-22)/(-99) + 3 + (-615)/(-27). Calculate the highest common divisor of w and 403.
13
Let c(q) = -34*q - 1. Let p be c(-2). Suppose 4*t = -4*b + 2*b + 46, -5*b + p = -2*t. Calculate the greatest common factor of b and 5.
5
Let x(y) = 4*y**2 - 13*y - 87. Let i be x(-5). Calculate the highest common factor of i and 2418.
78
Suppose -13*c - 3*y = -15*c + 117, 11*y - 96 = -c. Let d = -31 - -49. Calculate the highest common divisor of c and d.
9
Let i(l) = -33*l - 126. Let o be i(-6). Calculate the highest common divisor of o and 162.
18
Let v(m) be the third derivative of m**6/120 - m**5/10 + m**4/4 + 5*m**3/6 - 8*m**2. Let j be v(5). Calculate the highest common factor of 70 and j.
10
Let n be (0 - (-60)/35)/(3/14). Calculate the greatest common factor of 392 and n.
8
Suppose 2*u + 2*z + 6 = 0, 2*z + 0*z = -4*u - 10. Let v = 133 - u. Calculate the greatest common divisor of v and 15.
15
Let i = 109 + -40. Let w(s) = -39*s - 1. Let t be w(-1). Let m = -15 + t. Calculate the highest common factor of m and i.
23
Let k = 517 + -166. What is the highest common divisor of 9 and k?
9
Let h(u) = 27*u - 368. Let g be h(44). What is the greatest common divisor of 80 and g?
20
Let i(a) = -a**2 - 4*a + 31. Let r be i(-7). What is the highest common factor of 230 and r?
10
Suppose 46*n = -48*n + 1786. What is the greatest common divisor of 209 and n?
19
Let b(s) = -2*s**3 + 21*s + 11. Let d(y) = y**3 + y**2 + y - 1. Let o(q) = b(q) + d(q). Let a be o(-7). What is the highest common factor of 31 and a?
31
Let m = 74 - 49. Let d be 2*(-3)/6 + m. Suppose 14 + 82 = 12*v. What is the greatest common divisor of v and d?
8
Let c(z) = z**3 - 3*z**2 - 5*z + 3. Let o be c(-4). Let b = 353 + o. Calculate the highest common divisor of 24 and b.
24
Let v(s) = 59*s**2 + 20*s + 58. Let a be v(-3). Calculate the highest common factor of 92 and a.
23
Let m = -14 - -16. Suppose -42 = -4*g - 4*t - 2, 5*g - 44 = -m